 + 210 = -4*r. Let c = n + r. What is the tens digit of c?
3
What is the hundreds digit of 2/19 - 7541/(-19)?
3
Let k(i) = 7*i + 11*i - 10*i + 5*i. Let t(n) = n + 1. Let u(p) = -k(p) - t(p). What is the units digit of u(-2)?
7
Let r(i) = -8*i**2 + 28*i + 42. Let j(a) = 3*a**2 - 9*a - 14. Let z(q) = -11*j(q) - 4*r(q). Let n be z(-10). Suppose 2*d - n = 60. What is the units digit of d?
8
Let x(t) = -t**3 + 13*t**2 - 10*t - 22. Let f be x(12). Suppose 6*m - 1904 = -f*m. What is the tens digit of m?
3
Suppose 0*a = -8*a + 40. Suppose 0 = -3*j - v - 0*v + 98, -74 = -2*j - a*v. What is the units digit of j?
2
Let b = 7555 + -4493. Suppose 8*c - b + 878 = 0. What is the units digit of c?
3
Suppose 0 = 22*m - 21*m - 4. Suppose 0 = 2*f - m*w - 118, -4*f + 5*w = -2*f - 115. What is the units digit of f?
5
Suppose 0 = 3*b - 0*o + o - 870, 2*b = -4*o + 580. What is the hundreds digit of b?
2
Suppose -3*i + 5*m = -8*i + 295, -i + 4*m = -54. What is the tens digit of i?
5
Let r be 26015/99 - (-2)/9. Suppose -474 = -4*i - 2*q, 3*i = -q + 93 + r. What is the hundreds digit of i?
1
Let i = -18 + 85. Suppose -i = -24*f + 23*f. What is the units digit of f?
7
Let i(n) = -n. Let a(w) = -10. Let o(t) = 2*a(t) - 10*i(t). What is the units digit of o(8)?
0
Let w be (-2)/12 - (-175)/(-30). What is the tens digit of 18/(-27) - 394/w?
6
Suppose 16 = j + 9. What is the units digit of j?
7
Let k = 1020 - 719. What is the units digit of k?
1
Suppose 5*b = 12 - 2. Suppose 0*c + 4*s - 222 = -b*c, -219 = -2*c - 3*s. What is the units digit of c?
5
Suppose 4*t + 5*w = 2*t + 353, -t = w - 172. Suppose -c + 5*c = -4, -3*l - 2*c = -t. Suppose l = 2*b + 2*b + k, b = -k + 15. What is the units digit of b?
4
Let h(t) = -25*t - 1. Let m = 59 + -64. What is the hundreds digit of h(m)?
1
Suppose -29*f + 6214 = -3*f. What is the hundreds digit of f?
2
Suppose -129504 = 6*p - 44*p. What is the units digit of p?
8
Let y(j) = -j**3 + 15*j**2 + 15*j - 9. Let x be y(16). What is the units digit of ((-530)/x)/((-2)/(-5))?
3
Let c(q) = -q - 15. Let k = -40 - -28. Let h be c(k). What is the units digit of ((-3 - h) + -2)*-2?
4
Let f = -6 - -14. Let h(p) = p**3 - 11*p**2 + 2*p - 25. Let n be h(11). Let u = f + n. What is the units digit of u?
5
Let w = -13 + -9. Let p = -17 - w. What is the units digit of p?
5
Let i(h) = 2*h + 12. Let o = -9 - -19. What is the tens digit of i(o)?
3
Let t(q) = q**2 - 16*q + 271. What is the hundreds digit of t(10)?
2
Let d(g) = -g - 3. Let l be d(3). Let c(n) = -n**3 - n**2 + 8*n + 9. Let y be c(l). Suppose -1 + y = 4*i. What is the tens digit of i?
3
Let v(l) be the first derivative of -3 + 6*l**3 + 2*l**2 + 1 - 3*l**2. What is the units digit of v(1)?
6
Let a be 3*12/9 + -14. Let n = a + 78. What is the units digit of n?
8
What is the tens digit of -28*(342/(-24) - 8)?
2
Suppose 5121 = 968*n - 959*n. What is the units digit of n?
9
Suppose 2*q + 89 = 5*r, 0 = 3*q + q + 5*r + 103. Let g = -253 - -318. Let n = q + g. What is the tens digit of n?
3
Let d(b) = 2*b**3 - 2*b**2 - 2*b + 1. Suppose 0 = 3*z + z. Suppose 3*o + 5 - 14 = z. What is the tens digit of d(o)?
3
Suppose -5*t + 5*k + 50 = 0, -25 = 4*k + k. Suppose 2*v + t*v - 63 = 0. What is the units digit of v?
9
Let m = 672 - 334. What is the units digit of m?
8
Let p = -14 - -19. Suppose 2*i - p*t = 141, i - 70 = -t + 3*t. What is the units digit of i?
8
Let o(v) = -2*v**3 + v**2 - 9*v - 1. Suppose 20 = -m - 3*m. Let k(s) = 3*s**3 - s**2 + 13*s + 2. Let n(c) = m*k(c) - 7*o(c). What is the units digit of n(-4)?
7
Let z = -444 + 1000. What is the tens digit of z?
5
Let d(r) = r + 15. Let j be d(-15). Suppose -2*b + 4*h + 100 = -0*h, -5*b + 3*h + 236 = j. What is the units digit of b?
6
Let d be 34/(-10) - (-6)/(-10). Let u = d - -8. Suppose 42 = 2*r - p, u*r = -0*p - 2*p + 84. What is the units digit of r?
1
Suppose -2*m - w + 4 = 0, -2 = w - 0. Suppose 0 = 5*l + 3*p - 244, -m*l + 2*p + 146 = 4*p. What is the units digit of l?
0
Let r = -10 + 13. Suppose -r*z + 52 = -z. What is the units digit of 1/((-1)/z*-1)?
6
Let z = -150 - -153. Suppose -h = 4*i - 190, z*h - 2 = 4. What is the units digit of i?
7
Suppose 24 = 6*f - 210. Suppose -4*g - 2*y + 484 = 0, -g - 2*y = -79 - f. What is the tens digit of g?
2
What is the tens digit of (-8 - -2476) + 5 + 4/4?
7
Let j(t) = 2*t**2 - 14*t - 7. What is the hundreds digit of j(12)?
1
Let q = 73 + -77. What is the units digit of (222/q)/((-55)/20 + 2)?
4
Let k = 256 + -256. Let l = -1 + 1. Suppose l = 3*n + u - 2, -2*n = -k*n - 4*u - 6. What is the units digit of n?
1
Suppose 0 = -c - c + 2120. What is the hundreds digit of c?
0
Let p(k) = k**3 + 6*k**2 + 5*k - 3. Let w be p(-5). Let i(f) = -3*f**3 - 3*f**2 - 3*f - 2. What is the tens digit of i(w)?
6
Let s(d) = d + 18. Let a be s(-14). Suppose -2*l + j - 1 = -l, -3*l + 25 = a*j. Suppose -k + 0*c = l*c - 53, -4*k - c + 234 = 0. What is the units digit of k?
9
Let m be (1 - 1)/(8/4). Suppose -3*r - 2*h - 8 = -5*r, m = h - 2. Suppose 5*j = f + 66, -j + r + 2 = 5*f. What is the units digit of j?
3
Let z(j) = 636*j**2 - 9*j - 2. What is the thousands digit of z(-2)?
2
Let z(c) = 6*c**3 + c**2 - 2*c + 4. Let d be z(3). Suppose -14*j + d = 15. What is the units digit of j?
1
Let f = 2404 - 1684. What is the units digit of f?
0
Let f(p) = -p**3 + 34*p**2 - 64*p + 29. What is the tens digit of f(32)?
2
Suppose 109*u = 104*u + 2710. What is the units digit of u?
2
Suppose 40*x + 40 = 45*x. Suppose -x*y + 3*y + 5 = 0. What is the units digit of y?
1
Suppose 13*v - 10*v - 828 = 0. What is the hundreds digit of v?
2
Suppose -5*x + 6 - 6 = 0. What is the units digit of -2 - (-17 - (-1 - x))?
4
Suppose 7*t - 4*t = -g + 10, -t - 3*g + 14 = 0. Suppose t*r - 5 = 3. Let a(h) = 13*h - 2. What is the units digit of a(r)?
0
Suppose 14*t - 3803 = 1839. What is the tens digit of t?
0
Suppose 5*u + 461 = 4*r, -3*r + 5*r - 4*u = 226. Let z be 1/4 - r/28. What is the units digit of ((-6)/z)/((-9)/(-132))?
2
Suppose 5*z - 7*z + 10 = 0, -3*z = 3*x - 150. What is the units digit of x?
5
Let p(u) = -5*u**3 - u**2 - u + 2. Let m be p(1). Let v be 335/25 - (-2)/m. Suppose 2*x = x + v. What is the tens digit of x?
1
Let h be (-4)/(-10) - 1638/(-30). Let a = -180 + h. What is the units digit of (-4925)/a + 4/(-10)?
9
Suppose 17269 = 8*r - 6651. What is the thousands digit of r?
2
Let o(p) = 3*p**2 + 2*p - 16*p**2 + 2*p**2 - 5 + 12*p**2. Let m(d) = -3*d**3 - d**2 + d - 1. Let v be m(1). What is the units digit of o(v)?
3
Let x(t) = t**3 - 7*t**2 + 4*t - 12. Let j be x(7). Suppose -j*n + 17*n - 39 = 0. What is the units digit of n?
9
Let j(q) = -q**3 - 14*q**2 - q - 10. Let t be j(-14). Suppose 0 = t*h - 2*x - 42, -2*h - 2*h + 48 = -4*x. Let m = h + 20. What is the units digit of m?
9
Let d(v) = -2 - 3*v**2 - 23*v**3 + 6*v**2 + 8*v**3. What is the tens digit of d(-1)?
1
Suppose -n - 6 = -2. What is the units digit of (16/6)/n*-87?
8
Let b(u) = 4*u - 57. Let t be b(15). Suppose 0 = t*r - 8*r + 720. What is the hundreds digit of r?
1
Suppose 4*o - 90 = 2*o. Suppose 67 = -4*a + 2*v + v, 0 = 3*a + 3*v + o. What is the units digit of (a/6)/(3/(-9))?
8
Let s be 1*(-10)/(-5) - -2. Suppose s*g + 0*g = 296. What is the units digit of g?
4
Let i(l) = 4*l + 5*l**2 - 21*l + 9*l - 3*l**2 - 9. Let k(t) = t**3 - t + 7. Let q be k(0). What is the tens digit of i(q)?
3
Suppose 55*w - 47*w - 1920 = 0. What is the units digit of w?
0
Suppose 9*u - 240 = 4*u. Let k = u - 20. What is the units digit of k?
8
Suppose -3*b + 120 = -7*b. What is the units digit of (2*(b - 0))/(-1)?
0
Let l = 1521 + 0. What is the units digit of l?
1
Suppose -4*d = -14 - 10. What is the units digit of (-30 - -10)*d/(-8)?
5
Suppose 341 = -0*k - 4*k + 3*b, -4 = 4*b. Let s = -34 - k. What is the tens digit of s?
5
Let g be 1 - (-4)/(-4) - -5. Suppose -2*v - 45 = -g*k - 7*v, 3*v = 3*k - 21. Suppose 4*n - 4*x = 72, 0 = -3*n - x + 30 + k. What is the units digit of n?
4
Let z(i) = 111*i**2 - 10*i - 5. What is the thousands digit of z(-3)?
1
Suppose 10*y - 25*y = -9630. What is the tens digit of y?
4
Let b(t) = t**2 + 1. Let o be b(1). Let p = 53 - 7. Suppose -z = -4*v + p, -o*v - 3*z - 6 = -3*v. What is the tens digit of v?
1
Let f(s) = s**3 - 4*s**2 - 6. Let b be f(4). What is the hundreds digit o